3. Suppose -12 = -z*r + 4*r. Let s be ((-2)/r)/(2/12). Calculate the highest common factor of 5 and s.
1
Let s(j) = j**2 - 4*j + 3. Let g be s(4). Suppose 0 = u + 7 - 1. Let a be 4/(-6)*u/4. What is the greatest common divisor of a and g?
1
Let g be (-16)/9 - 10/45. Let x be ((-24 - g)/(-2))/1. Let d be (-16)/(-3)*(-66)/(-4). What is the greatest common factor of d and x?
11
Let f = -38 + 137. What is the greatest common factor of f and 9?
9
Let t = 7 - 4. Let r be (-23)/(-4) + t/(-4). Let n be r + 0 + (-1 - 0). What is the greatest common divisor of n and 10?
2
Let a = -50 + 78. Calculate the highest common factor of a and 7.
7
Let y be (2/3)/(2/6). Let f = y + -2. Suppose -z + 2*z - 3 = f. What is the highest common divisor of 9 and z?
3
Suppose -2*p + 10 = 2*q, -p + 4*p - 14 = -4*q. Calculate the highest common factor of 6 and p.
6
Let q(r) = r**2 + 5*r + 8. Let f be q(8). What is the greatest common factor of 14 and f?
14
Let x be 1 + (-5)/(15/756). Let p be x/(-5) + (-6)/30. Calculate the highest common factor of p and 20.
10
Let p(z) = -9*z**3 - z**2. Let f be p(-1). Let s = -4 + f. Suppose 0 = -8*b + 3*b - 2*t + 112, 5*t = -b + s. What is the highest common divisor of b and 3?
3
Let a(x) = -x**2 - 9*x + 3. Let j be a(-10). Let v = -1 - j. Suppose 0 = -4*h + 49 + 23. Calculate the greatest common factor of h and v.
6
Let u(w) = 8*w**2 + 2*w - 1. Suppose -g = -j + 4*j + 1, 2*g = 4*j - 12. Let l be u(j). What is the greatest common divisor of l and 9?
9
Let x be 20/((-1)/1) - -4. Let d = x + 25. Calculate the greatest common factor of d and 9.
9
Let m be (-32)/20*1*-5. What is the greatest common factor of m and 32?
8
Let r(x) = x**3 + 8*x**2 + 7*x + 4. Let n be r(-7). What is the highest common divisor of n and 36?
4
Suppose a - 20 = -a. Suppose 2*u - 4*u + a = 0. Suppose y = u*y - 40. What is the greatest common factor of 90 and y?
10
Let u = 12 - 8. Suppose n - u*n + 165 = 0. Suppose -5*l = -10*l + n. What is the highest common divisor of 110 and l?
11
Let l(o) = -o - 2. Let v = -13 + 7. Let k be l(v). Calculate the highest common divisor of 10 and k.
2
Suppose 0 = -9*m - 0*m + 234. Let j(f) = -f**3 - f**2 - f + 65. Let b be j(0). Calculate the greatest common divisor of b and m.
13
Let f(d) = -d**3 + 6*d**2 - 6*d - 1. Let c be f(5). Let z = 8 + c. Calculate the greatest common divisor of 18 and z.
2
Suppose 13 = -4*z + 5. Let d = 26 - z. What is the greatest common factor of d and 14?
14
Let h(o) = 2*o**2 + 4*o + 7. Let k be h(-5). Let a = 5 + -2. Suppose -a*s + 2*d - 3*d = -47, -d - k = -3*s. What is the highest common divisor of s and 70?
14
Suppose 20 = -4*c + 92. Suppose 5*k - d = -3*d + 45, 2*k + 3*d = c. Calculate the greatest common divisor of 99 and k.
9
Let a(t) = t - 12. Let m be a(9). Let b be (107 - (m - 0))/1. What is the highest common factor of 10 and b?
10
Let l(i) = -i**2 + i + 6. Let z be l(0). Let a be (81/z)/(1/2). Calculate the greatest common divisor of a and 54.
27
Let u be 645/9 - 2/(-6). Suppose 2*p = 8, -j + 8 + 11 = 5*p. Let o be j/((-78)/(-27) - 3). Calculate the highest common divisor of u and o.
9
Suppose -4*x + 618 = x + 3*p, -4*x - 5*p + 484 = 0. Calculate the greatest common factor of 14 and x.
14
Let t(r) = -r + 10. Let u be t(4). Suppose u = -f + 11. Calculate the greatest common factor of 5 and f.
5
Let w(h) = h**2 - 4*h + 32. Let a be w(0). What is the greatest common divisor of 24 and a?
8
Let z(y) = y**2 - 13*y - 33. Let g be z(18). What is the highest common factor of g and 3?
3
Let v = -92 - -131. Calculate the highest common divisor of 13 and v.
13
Let j(q) = q**3 + 6*q**2 + 5*q - 6. Let h be j(-5). Let v be (-104)/20*(1 + h). Let c = v - 2. Calculate the highest common factor of c and 36.
12
Suppose 8*p - 6*p - 18 = 0. What is the greatest common divisor of p and 9?
9
Suppose 4*b - 129 - 11 = 0. Let q be ((-4)/4)/(1/(-6)). Suppose h = -2*t + 18, -q*t - 2*h = -t - 43. Calculate the greatest common factor of b and t.
7
Let c(g) = -6 + 2*g + 0 + 3*g + 5. Let x be c(1). What is the highest common divisor of x and 10?
2
Suppose 6 = s - 2*w, 6*w - 2*w + 40 = -5*s. Let d(r) = 6*r - 1. Let i be d(s). Let v be (-2)/(-3) + i/(-3). Calculate the greatest common divisor of 18 and v.
9
Let x = 250 - 168. Let f be (-3)/(-6)*4 + x. Let q(u) = 6*u + 2. Let n be q(2). Calculate the highest common divisor of n and f.
14
Suppose 2*h + 0 - 4 = 0. Calculate the highest common divisor of 22 and h.
2
Suppose -5 = -2*h - 5*v + 10, -3*v = 5*h - 28. Let w = 8 - 3. Calculate the greatest common divisor of w and h.
5
Suppose -112 = 4*k - 6*k. What is the greatest common divisor of 140 and k?
28
Suppose -13*j + 10*j + 6 = 0. Suppose 0*f = -j*f + 42. Calculate the greatest common factor of 105 and f.
21
Suppose -4 = -3*m + 71. Suppose -3*q - 5*i + m = 0, -3*i = 3*q - 8*i - 65. Let s(y) = -5*y + 1. Let p be s(-1). Calculate the highest common factor of q and p.
3
Let c be (-536)/(-10) + (-6)/(-15). Let x be 150/(-22) - (-8)/(-44). Let r = -1 - x. What is the greatest common factor of r and c?
6
Suppose o - 25 = -5*c, 0*c = 2*o + c - 41. Calculate the greatest common factor of 80 and o.
20
Let d be (6 + -16)*(-2)/(-5). Let m be -54*d/(36/21). What is the highest common factor of m and 18?
18
Let q(b) = -43*b - 1. Let c be q(-1). Calculate the highest common divisor of 14 and c.
14
Let g be (2/4)/((-1)/(-62)). Suppose -2*x + 19 = -g. What is the highest common divisor of x and 25?
25
Let v be (0 + 6)/(-5 - (-39)/6). What is the greatest common factor of 8 and v?
4
Let c(b) = -4*b - 8*b - 8 + 13*b. Let g be c(11). What is the highest common factor of 30 and g?
3
Let k be (-4 + 1)*(32/3)/(-2). Calculate the highest common divisor of k and 56.
8
Let a = -18 + 23. Suppose 2 = -o, -32 = -3*f - 0*f + o. Suppose -l = -0*l - f. Calculate the greatest common factor of l and a.
5
Let j(w) = 5*w**3 + w**2 + w + 3. Let i be j(3). Suppose 0 = -t - 2*t + 135. Suppose -2*f - f = -t. What is the greatest common divisor of i and f?
15
Suppose 0 = 3*g + 3, -5*x + 0*g + 23 = -3*g. Calculate the highest common factor of 10 and x.
2
Let j(k) = -k + 2. Let v = 10 + -15. Let b be j(v). Let r(f) = f + 2. Let u be r(5). What is the highest common divisor of b and u?
7
Suppose -240 = -6*d + 36. Suppose d = 5*y + 4*t, 3*y - 3*t = -2*t + 31. Calculate the highest common factor of y and 70.
10
Let s be 6/24 - (-127)/4. Let i = s - 17. Calculate the greatest common divisor of 3 and i.
3
Let f(x) = x**2 + 7*x + 14. Let b be f(-6). Calculate the highest common divisor of 64 and b.
8
Let g(n) = -n**3 - 4*n**2 - 3*n - 3. Let i be g(-3). Let a be 0 - (i - 18/3). What is the greatest common divisor of 72 and a?
9
Suppose 5 = 4*c + 1. Let s be (3 - 2) + 2/c. Suppose 5*q = -q + 126. What is the highest common divisor of s and q?
3
Let l(a) = 2*a**2 - 4*a + 8. Let g be l(-8). What is the greatest common divisor of g and 24?
24
Suppose -257 = -3*h + 181. Suppose 0 = -3*c + 19 + h. Calculate the greatest common factor of 11 and c.
11
Let a(n) = n - 5. Let v be a(4). Let k = v + 16. What is the highest common factor of 15 and k?
15
Let n = -8 + 17. Calculate the greatest common divisor of n and 3.
3
Let m(y) = -2 - 24*y + 3 + 23*y + 105*y**2. Let q be m(1). What is the greatest common divisor of 21 and q?
21
Suppose 0 = w + 5*f + 10, -21 = -2*w + 5*f + 19. Suppose -2*p = 2*s - 104, -p + 3*p = -4*s + 204. Calculate the highest common divisor of w and s.
10
Suppose -2*y = -0*y - 130. Let c = y + -41. Calculate the greatest common divisor of c and 4.
4
Let m(z) = 7*z + 3. Let l be (9/(-6) - -2)*10. Let f be m(l). Calculate the greatest common factor of f and 95.
19
Suppose 0 = 2*r + 7 - 3, -56 = -4*a + 2*r. What is the highest common factor of 104 and a?
13
Let i(m) = 4*m + 1. Let t be i(-4). Let l be (-66)/t + (-6)/15. Calculate the highest common divisor of 2 and l.
2
Suppose -n = -4*p - 5, 2*p + 96 = 4*n + 5*p. Calculate the highest common divisor of n and 6.
3
Let p be 2/10 + 190/50. Let h be 3/(6/p) + -2. Suppose 0 = -2*d - d - o + 28, h = -3*d + o + 38. What is the highest common divisor of 33 and d?
11
Suppose -4*d - 5*h + 148 = -4*h, -5*d + 2*h = -172. Suppose -6*z + 2*z = -d. Let m be (27/(-2) - -9)/(1/(-14)). What is the highest common divisor of m and z?